{"id":5116,"date":"2025-11-17T09:44:56","date_gmt":"2025-11-17T12:44:56","guid":{"rendered":"https:\/\/isef27-sfe.infd.edu.ar\/sitio\/?page_id=5116"},"modified":"2026-03-01T22:36:32","modified_gmt":"2026-03-02T01:36:32","slug":"ingreso-2026","status":"publish","type":"page","link":"https:\/\/isef27-sfe.infd.edu.ar\/sitio\/ingreso-2026\/","title":{"rendered":"Ingreso 2026"},"content":{"rendered":"\n<p><strong>PERIODO DE INSCRIPCI\u00d3N<\/strong><\/p>\n\n\n\n<p>Primera convocatoria: <strong>22 de noviembre al 15 de diciembre de 2025 (pre inscripci\u00f3n hasta el 13\/12 via web)<\/strong><\/p>\n\n\n\n<p>Segunda convocatoria: <strong>18 al 27 de febrero<\/strong><\/p>\n\n\n\n<p><strong>REQUISITOS:<\/strong><\/p>\n\n\n\n<p>&#8211; Completar el formulario de preinscripci\u00f3n. (enlace al formulario)<\/p>\n\n\n\n<p><strong>Presentar la siguiente documentaci\u00f3n:<\/strong><\/p>\n\n\n\n<p>&#8211; <strong>Ficha  de inscripci\u00f3n<\/strong>: al completar el formulario de preinscripci\u00f3n recibir\u00e1 en su correo electr\u00f3nico una ficha con sus datos que deber\u00e1 imprimir para entregar en la Secretar\u00eda del ISEF junto con TODA la documentaci\u00f3n completa.<\/p>\n\n\n\n<p>\u2013 Copia autenticada del&nbsp;<strong>DNI<\/strong>.<\/p>\n\n\n\n<p>\u2013 Copia autenticada de&nbsp;la <strong>partida de nacimiento<\/strong>.<\/p>\n\n\n\n<p>\u2013&nbsp;Dos <strong>fotos<\/strong>&nbsp;de frente 4&#215;4 color.<\/p>\n\n\n\n<p>\u2013&nbsp;<strong>T\u00edtulo secundario<\/strong>&nbsp;(hasta tanto obtenerlo, podr\u00e1 presentarse constancia de t\u00edtulo en tr\u00e1mite o constancia de estar cursando el \u00faltimo a\u00f1o de la escuela secundaria).<\/p>\n\n\n\n<p>\u2013&nbsp;<strong>Evaluaci\u00f3n de salud Ingreso 2026<\/strong> completa firmada por el\/la ingresante (tiene valor de declaraci\u00f3n jurada). La Instituci\u00f3n se reserva el derecho de solicitar una Junta M\u00e9dica y\/o pedir a el\/la ingresante la realizaci\u00f3n de estudios complementarios para ratificar o rectificar alg\u00fan diagn\u00f3stico o patolog\u00eda. (<a href=\"https:\/\/isef27-sfe.infd.edu.ar\/sitio\/wp-content\/uploads\/2025\/11\/Evaluacion-Ingresante-2026.pdf\">enlace a la evaluaci\u00f3n de salud para descargar<\/a>)<\/p>\n\n\n\n<p>\u2013&nbsp;<strong>Certificado de salud Ingreso 2026<\/strong> (examen de aptitud f\u00edsica, electrocardiograma y bucodental confeccionados y firmados por cada profesional interviniente). (<a href=\"https:\/\/isef27-sfe.infd.edu.ar\/sitio\/wp-content\/uploads\/2025\/11\/CertificadoDeSalud-2026-INGRESO.pdf\">enlace al certificado de salud para descargar<\/a>)<\/p>\n\n\n\n<p>&#8211; <strong>An\u00e1lisis de laboratorio<\/strong>: &#8211; Hemograma &#8211; Glucemia &#8211; \u00darea &#8211; Creatinina &#8211; Colesterol total &#8211; Colesterol HDL &#8211; Triglic\u00e9ridos &#8211; Orina completa.<\/p>\n\n\n\n<p>&#8211; Nota de consentimiento. (<a href=\"https:\/\/isef27-sfe.infd.edu.ar\/sitio\/wp-content\/uploads\/2025\/11\/Nota-de-Consentimiento-2026.pdf\">enlace a la nota de consentimiento<\/a>) imprimir completar y firmar.<\/p>\n\n\n\n<p>&#8211; Comprobante impreso del aporte a la Asociaci\u00f3n Cooperadora.<\/p>\n\n\n\n<p>El tr\u00e1mite de inscripci\u00f3n se realiza con la <strong>presentaci\u00f3n de TODA la documentaci\u00f3n requerida<\/strong> en la secretar\u00eda de la instituci\u00f3n de lunes a viernes de 8.00 a 12.00 y de 14.00 a 18.30.<\/p>\n\n\n\n<p><strong>Solicitamos y agradecemos un aporte a la Asociaci\u00f3n Cooperadora de la instituci\u00f3n<\/strong>&nbsp;($ 30.000). Con esta colaboraci\u00f3n se garantiza durante el Curso Introductorio, el servicio de emergencia m\u00e9dica y gastos de atenci\u00f3n primaria en caso de accidentes, entre otros.<\/p>\n\n\n\n<p>El aporte se realiza a trav\u00e9s de dep\u00f3sito o transferencia desde una cuenta propia (a nombre del\/de la ingresante).<\/p>\n\n\n\n<p>Alias&nbsp;<strong>ALUMNOS.COOPERADORA<\/strong>   &#8211;   CBU&nbsp;<strong>0720273720000000547172<\/strong><\/p>\n\n\n\n<p>Todos los d\u00edas, de 9.00 a 11.30 y de 14.00 a 18.00 podr\u00e1 realizarse el pago en efectivo en la oficina de la Asociaci\u00f3n Cooperadora.<\/p>\n\n\n\n<p>En el mes de marzo de 2026 se informar\u00e1 por este medio la organizaci\u00f3n del Curso Introductorio, instancia obligatoria del ingreso a la carrera, tal como indica el Decreto 4199\/15, Reglamento Acad\u00e9mico Marco de la Provincia de Santa Fe, en el cap\u00edtulo 2, art\u00edculos 13 al 16.<\/p>\n\n\n\n<p><strong><em><u>Art. 13<\/u><\/em><\/strong><strong><em>: <\/em><\/strong><em>El Ministerio de Educaci\u00f3n a trav\u00e9s de cada IES de esta Jurisdicci\u00f3n garantizar\u00e1 la implementaci\u00f3n de un curso introductorio, con car\u00e1cter obligatorio no eliminatorio, con extensi\u00f3n temporal y carga horaria necesaria y suficiente para cada carrera en particular.<\/em><\/p>\n","protected":false},"excerpt":{"rendered":"<p>PERIODO DE INSCRIPCI\u00d3N Primera convocatoria: 22 de noviembre al 15 de diciembre de 2025 (pre inscripci\u00f3n hasta el 13\/12 via web) Segunda convocatoria: 18 al 27 de febrero REQUISITOS: &#8211; Completar el formulario de preinscripci\u00f3n. (enlace al formulario) Presentar la siguiente documentaci\u00f3n: &#8211; Ficha de inscripci\u00f3n: al completar el formulario de preinscripci\u00f3n recibir\u00e1 en su &#8230; <a title=\"Ingreso 2026\" class=\"read-more\" href=\"https:\/\/isef27-sfe.infd.edu.ar\/sitio\/ingreso-2026\/\" aria-label=\"More on Ingreso 2026\">[+]<\/a><\/p>\n","protected":false},"author":165,"featured_media":0,"parent":0,"menu_order":0,"comment_status":"closed","ping_status":"closed","template":"","meta":[],"acf":[],"_links":{"self":[{"href":"https:\/\/isef27-sfe.infd.edu.ar\/sitio\/wp-json\/wp\/v2\/pages\/5116"}],"collection":[{"href":"https:\/\/isef27-sfe.infd.edu.ar\/sitio\/wp-json\/wp\/v2\/pages"}],"about":[{"href":"https:\/\/isef27-sfe.infd.edu.ar\/sitio\/wp-json\/wp\/v2\/types\/page"}],"author":[{"embeddable":true,"href":"https:\/\/isef27-sfe.infd.edu.ar\/sitio\/wp-json\/wp\/v2\/users\/165"}],"replies":[{"embeddable":true,"href":"https:\/\/isef27-sfe.infd.edu.ar\/sitio\/wp-json\/wp\/v2\/comments?post=5116"}],"version-history":[{"count":10,"href":"https:\/\/isef27-sfe.infd.edu.ar\/sitio\/wp-json\/wp\/v2\/pages\/5116\/revisions"}],"predecessor-version":[{"id":5369,"href":"https:\/\/isef27-sfe.infd.edu.ar\/sitio\/wp-json\/wp\/v2\/pages\/5116\/revisions\/5369"}],"wp:attachment":[{"href":"https:\/\/isef27-sfe.infd.edu.ar\/sitio\/wp-json\/wp\/v2\/media?parent=5116"}],"curies":[{"name":"wp","href":"https:\/\/api.w.org\/{rel}","templated":true}]}}