{"id":1832,"date":"2020-08-01T18:53:17","date_gmt":"2020-08-01T21:53:17","guid":{"rendered":"https:\/\/isef27-sfe.infd.edu.ar\/sitio\/?page_id=1832"},"modified":"2025-11-13T14:31:02","modified_gmt":"2025-11-13T17:31:02","slug":"mesas-de-examen-pendientes","status":"publish","type":"page","link":"https:\/\/isef27-sfe.infd.edu.ar\/sitio\/mesas-de-examen-pendientes\/","title":{"rendered":""},"content":{"rendered":"\n<p class=\"has-text-align-center\"><\/p>\n\n\n\n<div class=\"wp-block-file\"><a href=\"https:\/\/isef27-sfe.infd.edu.ar\/sitio\/wp-content\/uploads\/2022\/10\/Cronograma-de-examenes-turno-nov-_dic-2022-2-3.pdf\" class=\"wp-block-file__button wp-element-button\" download><\/a><\/div>\n\n\n\n<p>La inscripci\u00f3n a ex\u00e1menes se realiza a trav\u00e9s del enlace disponible en el aula \u201cDEPARTAMENTO ALUMNADO\u201d en la que se encuentran todas\/os las\/os estudiantes matriculadas\/os. En caso de no contar con ese acceso, se debe enviar un correo a <a href=\"mailto:departamento.alumnado@gmail.com\">departamento.alumnado@gmail.com<\/a> o a <a href=\"mailto:giselagreto@hotmail.com\">giselagreto@hotmail.com<\/a><\/p>\n\n\n\n<p>El formulario de inscripci\u00f3n puede completarse&nbsp;<strong>SOLO UNA VEZ<\/strong>, por lo que es importante revisar el mismo antes de enviarlo. El formulario est\u00e1 disponible durante el periodo dispuesto por calendario hasta las 23.59 hs. del \u00faltimo d\u00eda.<\/p>\n\n\n\n<p>La inscripci\u00f3n es por ESPACIO. En caso de que el espacio contenga varios SUBESPACIOS, podr\u00e1n presentarse a uno o a todos en cada tuno\/llamado, pudiendo aprobar uno o todos cada vez. Los subespacios aprobados (incluida la promoci\u00f3n directa), quedar\u00e1n registrados en las fichas de cada estudiante.<\/p>\n\n\n\n<p><\/p>\n\n\n\n<p><strong>SOLO PODR\u00c1N ACCEDER A LA MESA EXAMINADORA PRESENTANDO LIBRETA DEL ESTUDIANTE<\/strong><\/p>\n\n\n\n<p>Los PROGRAMAS DE EXAMEN tendr\u00e1n vigencia desde noviembre hasta agosto del siguiente ciclo lectivo.<br><a href=\"https:\/\/isef27-sfe.infd.edu.ar\/aula\/programas.cgi?id_curso=502\">Acceso a Programas<\/a><\/p>\n\n\n\n<p class=\"has-text-align-center\"><strong>RAM: art\u00edculos vinculados a ex\u00e1menes:<\/strong><\/p>\n\n\n\n<p><u>Art. 25<\/u>: Se utilizar\u00e1 el sistema de calificaci\u00f3n decimal de 1 (uno) a 10 (diez) puntos.&nbsp;<strong>La nota m\u00ednima de aprobaci\u00f3n de los Espacios Curriculares ser\u00e1 6 (seis).<\/strong>&nbsp;<\/p>\n\n\n\n<p><u>Art. 33<\/u>: El\/la estudiante libre deber\u00e1 aprobar un examen final ante un Tribunal con una nota m\u00ednima de 6 (seis) puntos. (\u2026).<\/p>\n\n\n\n<p><strong>Quedan excluidos de este r\u00e9gimen de estudiante libre, los Talleres<\/strong>&nbsp;y Seminarios.<\/p>\n\n\n\n<p>El\/la estudiante puede optar por cursar todos los dem\u00e1s Espacios Curriculares, con formato de \u201cmateria\u201d, en condici\u00f3n de \u201clibre\u201d. (\u2026)<\/p>\n\n\n\n<p><strong>La condici\u00f3n de libre da derecho a presentarse a ex\u00e1menes finales durante los tres turnos posteriores a la matriculaci\u00f3n anual (julio, noviembre\/diciembre y febrero\/marzo) (\u2026).<\/strong><\/p>\n\n\n\n<p><u>Art.&nbsp; 34<\/u>:&nbsp;<strong>La regularidad tendr\u00e1 validez durante 3 (tres) a\u00f1os<\/strong>&nbsp;consecutivos a partir del primer turno correspondiente al a\u00f1o lectivo siguiente al de la cursada (\u2026).<\/p>\n\n\n\n<p>(Podr\u00e1n presentarse a rendir en 10 turnos m\u00e1s las mesas especiales en caso de corresponder. Ver art. 40)<\/p>\n\n\n\n<p>El Instituto determinar\u00e1 las fechas de ex\u00e1menes correspondientes, seg\u00fan calendario jurisdiccional.&nbsp;<strong>Cuando haya m\u00e1s de un llamado por turno el\/la estudiante podr\u00e1 presentarse en ambos llamados. El\/la estudiante se inscribe en el turno, independientemente que tenga dos llamados, siendo incorporado en ambos.<\/strong>&nbsp;El Departamento de Alumnado suprimir\u00e1, en el segundo, llamado a quienes hayan aprobado la Espacio Curricular en el primero.&nbsp;<strong>El\/la estudiante que no concurra al primer llamado tendr\u00e1 ausente, y autom\u00e1ticamente quedar\u00e1 inscripto\/a en el segundo llamado, no debiendo justificar su ausencia al primero.<\/strong><\/p>\n\n\n\n<p><u>Art. 36<\/u>: En la promoci\u00f3n con&nbsp;<strong>examen final, los\/as estudiantes, ya sean regulares o libres, deber\u00e1n inscribirse para acceder al mismo<\/strong>. La modalidad de los ex\u00e1menes finales podr\u00e1 ser oral, escrito, de desempe\u00f1o o mixta, de acuerdo a las caracter\u00edsticas de los contenidos del Espacio Curricular correspondiente. <\/p>\n\n\n\n<p><u>Art. 38<\/u>: El examen final se realiza ante un Tribunal evaluador, formado por 3 (tres) miembros, un profesor\/a del Espacio Curricular oficiar\u00e1 de Presidente de mesa y 2 (dos) profesores\/as del mismo Espacio o Espacios Curriculares afines ser\u00e1n los miembros restantes del tribunal, con sus respectivos reemplazantes (\u2026)<\/p>\n\n\n\n<p><u>Art. 40<\/u>: Mesa Especial de examen ante Tribunal: <strong>Todo estudiante tendr\u00e1 derecho a Mesa examinadora especial en los siguientes casos:<\/strong><\/p>\n\n\n\n<ol>\n<li>Cuando adeudare hasta dos Espacios Curriculares del \u00faltimo a\u00f1o de la carrera para finalizar sus estudios.<\/li>\n\n\n\n<li>Cuando, por razones de enfermedad, causa grave de \u00edndole familiar, laboral, licencia deportiva bajo el amparo de la Leyes: Nacional y Provincial de Deportes, u otros motivos debidamente justificados, fehacientemente comprobados en tiempo y en forma, no pudiera presentarse a rendir examen en la fecha y horario estipulado, hasta tres veces a lo largo de su carrera. La documentaci\u00f3n que respalde dichas razones, deber\u00e1 ser presentada al menos 10 d\u00edas h\u00e1biles previos a la fecha de inscripci\u00f3n a las mesas especiales a fin de ser considerada con anticipaci\u00f3n.<\/li>\n\n\n\n<li>Cuando caducaren los Planes de Estudio con los cuales curs\u00f3.<\/li>\n<\/ol>\n\n\n\n<p>La inscripci\u00f3n a las Mesas Especiales deber\u00e1 ir acompa\u00f1ada de una nota personal cuando as\u00ed el caso lo requiera en el plazo que fije la instituci\u00f3n en su calendario acad\u00e9mico. Se establecer\u00e1n posteriores a los dos primeros turnos de ex\u00e1menes, es decir en los meses de mayo y septiembre o cuando lo determine el calendario jurisdiccional.<\/p>\n\n\n\n<p>4. Cuando se adeudare hasta dos Espacios Curriculares requeridos para cursar los Talleres de Docencia\/pr\u00e1cticas profesionalizantes correspondiente correlativos.<\/p>\n\n\n\n<p><u>Art. 42<\/u>: Los&nbsp;<strong>Talleres<\/strong>\/Trabajo de Campo\/Laboratorio solo admitir\u00e1n el cursado regular presencial. (\u2026)<\/p>\n\n\n\n<p><strong>El estudiante que no haya aprobado podr\u00e1 presentarse hasta dos turnos consecutivos inmediatos posteriores a la finalizaci\u00f3n de la cursada:&nbsp;turnos noviembre\/diciembre y febrero\/marzo.<\/strong><\/p>\n\n\n\n<p>(En caso de no aprobar en dichos turnos, se deber\u00e1 recursar el Taller)<\/p>\n\n\n\n<p><\/p>\n","protected":false},"excerpt":{"rendered":"<p>La inscripci\u00f3n a ex\u00e1menes se realiza a trav\u00e9s del enlace disponible en el aula \u201cDEPARTAMENTO ALUMNADO\u201d en la que se encuentran todas\/os las\/os estudiantes matriculadas\/os. En caso de no contar con ese acceso, se debe enviar un correo a departamento.alumnado@gmail.com o a giselagreto@hotmail.com El formulario de inscripci\u00f3n puede completarse&nbsp;SOLO UNA VEZ, por lo que es &#8230; <a title=\"\" class=\"read-more\" href=\"https:\/\/isef27-sfe.infd.edu.ar\/sitio\/mesas-de-examen-pendientes\/\" aria-label=\"More on \">[+]<\/a><\/p>\n","protected":false},"author":165,"featured_media":0,"parent":0,"menu_order":0,"comment_status":"closed","ping_status":"closed","template":"","meta":[],"acf":[],"_links":{"self":[{"href":"https:\/\/isef27-sfe.infd.edu.ar\/sitio\/wp-json\/wp\/v2\/pages\/1832"}],"collection":[{"href":"https:\/\/isef27-sfe.infd.edu.ar\/sitio\/wp-json\/wp\/v2\/pages"}],"about":[{"href":"https:\/\/isef27-sfe.infd.edu.ar\/sitio\/wp-json\/wp\/v2\/types\/page"}],"author":[{"embeddable":true,"href":"https:\/\/isef27-sfe.infd.edu.ar\/sitio\/wp-json\/wp\/v2\/users\/165"}],"replies":[{"embeddable":true,"href":"https:\/\/isef27-sfe.infd.edu.ar\/sitio\/wp-json\/wp\/v2\/comments?post=1832"}],"version-history":[{"count":124,"href":"https:\/\/isef27-sfe.infd.edu.ar\/sitio\/wp-json\/wp\/v2\/pages\/1832\/revisions"}],"predecessor-version":[{"id":5113,"href":"https:\/\/isef27-sfe.infd.edu.ar\/sitio\/wp-json\/wp\/v2\/pages\/1832\/revisions\/5113"}],"wp:attachment":[{"href":"https:\/\/isef27-sfe.infd.edu.ar\/sitio\/wp-json\/wp\/v2\/media?parent=1832"}],"curies":[{"name":"wp","href":"https:\/\/api.w.org\/{rel}","templated":true}]}}

<p class="has-text-align-center"></p>



<div class="wp-block-file"><a href="https://isef27-sfe.infd.edu.ar/sitio/wp-content/uploads/2022/10/Cronograma-de-examenes-turno-nov-_dic-2022-2-3.pdf" class="wp-block-file__button wp-element-button" download></a></div>



<p>La inscripción a exámenes se realiza a través del enlace disponible en el aula “DEPARTAMENTO ALUMNADO” en la que se encuentran todas/os las/os estudiantes matriculadas/os. En caso de no contar con ese acceso, se debe enviar un correo a <a href="mailto:departamento.alumnado@gmail.com">departamento.alumnado@gmail.com</a> o a <a href="mailto:giselagreto@hotmail.com">giselagreto@hotmail.com</a></p>



<p>El formulario de inscripción puede completarse&nbsp;<strong>SOLO UNA VEZ</strong>, por lo que es importante revisar el mismo antes de enviarlo. El formulario está disponible durante el periodo dispuesto por calendario hasta las 23.59 hs. del último día.</p>



<p>La inscripción es por ESPACIO. En caso de que el espacio contenga varios SUBESPACIOS, podrán presentarse a uno o a todos en cada tuno/llamado, pudiendo aprobar uno o todos cada vez. Los subespacios aprobados (incluida la promoción directa), quedarán registrados en las fichas de cada estudiante.</p>



<p></p>



<p><strong>SOLO PODRÁN ACCEDER A LA MESA EXAMINADORA PRESENTANDO LIBRETA DEL ESTUDIANTE</strong></p>



<p>Los PROGRAMAS DE EXAMEN tendrán vigencia desde noviembre hasta agosto del siguiente ciclo lectivo.<br><a href="https://isef27-sfe.infd.edu.ar/aula/programas.cgi?id_curso=502">Acceso a Programas</a></p>



<p class="has-text-align-center"><strong>RAM: artículos vinculados a exámenes:</strong></p>



<p><u>Art. 25</u>: Se utilizará el sistema de calificación decimal de 1 (uno) a 10 (diez) puntos.&nbsp;<strong>La nota mínima de aprobación de los Espacios Curriculares será 6 (seis).</strong>&nbsp;</p>



<p><u>Art. 33</u>: El/la estudiante libre deberá aprobar un examen final ante un Tribunal con una nota mínima de 6 (seis) puntos. (…).</p>



<p><strong>Quedan excluidos de este régimen de estudiante libre, los Talleres</strong>&nbsp;y Seminarios.</p>



<p>El/la estudiante puede optar por cursar todos los demás Espacios Curriculares, con formato de “materia”, en condición de “libre”. (…)</p>



<p><strong>La condición de libre da derecho a presentarse a exámenes finales durante los tres turnos posteriores a la matriculación anual (julio, noviembre/diciembre y febrero/marzo) (…).</strong></p>



<p><u>Art.&nbsp; 34</u>:&nbsp;<strong>La regularidad tendrá validez durante 3 (tres) años</strong>&nbsp;consecutivos a partir del primer turno correspondiente al año lectivo siguiente al de la cursada (…).</p>



<p>(Podrán presentarse a rendir en 10 turnos más las mesas especiales en caso de corresponder. Ver art. 40)</p>



<p>El Instituto determinará las fechas de exámenes correspondientes, según calendario jurisdiccional.&nbsp;<strong>Cuando haya más de un llamado por turno el/la estudiante podrá presentarse en ambos llamados. El/la estudiante se inscribe en el turno, independientemente que tenga dos llamados, siendo incorporado en ambos.</strong>&nbsp;El Departamento de Alumnado suprimirá, en el segundo, llamado a quienes hayan aprobado la Espacio Curricular en el primero.&nbsp;<strong>El/la estudiante que no concurra al primer llamado tendrá ausente, y automáticamente quedará inscripto/a en el segundo llamado, no debiendo justificar su ausencia al primero.</strong></p>



<p><u>Art. 36</u>: En la promoción con&nbsp;<strong>examen final, los/as estudiantes, ya sean regulares o libres, deberán inscribirse para acceder al mismo</strong>. La modalidad de los exámenes finales podrá ser oral, escrito, de desempeño o mixta, de acuerdo a las características de los contenidos del Espacio Curricular correspondiente. </p>



<p><u>Art. 38</u>: El examen final se realiza ante un Tribunal evaluador, formado por 3 (tres) miembros, un profesor/a del Espacio Curricular oficiará de Presidente de mesa y 2 (dos) profesores/as del mismo Espacio o Espacios Curriculares afines serán los miembros restantes del tribunal, con sus respectivos reemplazantes (…)</p>



<p><u>Art. 40</u>: Mesa Especial de examen ante Tribunal: <strong>Todo estudiante tendrá derecho a Mesa examinadora especial en los siguientes casos:</strong></p>



<ol>
<li>Cuando adeudare hasta dos Espacios Curriculares del último año de la carrera para finalizar sus estudios.</li>



<li>Cuando, por razones de enfermedad, causa grave de índole familiar, laboral, licencia deportiva bajo el amparo de la Leyes: Nacional y Provincial de Deportes, u otros motivos debidamente justificados, fehacientemente comprobados en tiempo y en forma, no pudiera presentarse a rendir examen en la fecha y horario estipulado, hasta tres veces a lo largo de su carrera. La documentación que respalde dichas razones, deberá ser presentada al menos 10 días hábiles previos a la fecha de inscripción a las mesas especiales a fin de ser considerada con anticipación.</li>



<li>Cuando caducaren los Planes de Estudio con los cuales cursó.</li>
</ol>



<p>La inscripción a las Mesas Especiales deberá ir acompañada de una nota personal cuando así el caso lo requiera en el plazo que fije la institución en su calendario académico. Se establecerán posteriores a los dos primeros turnos de exámenes, es decir en los meses de mayo y septiembre o cuando lo determine el calendario jurisdiccional.</p>



<p>4. Cuando se adeudare hasta dos Espacios Curriculares requeridos para cursar los Talleres de Docencia/prácticas profesionalizantes correspondiente correlativos.</p>



<p><u>Art. 42</u>: Los&nbsp;<strong>Talleres</strong>/Trabajo de Campo/Laboratorio solo admitirán el cursado regular presencial. (…)</p>



<p><strong>El estudiante que no haya aprobado podrá presentarse hasta dos turnos consecutivos inmediatos posteriores a la finalización de la cursada:&nbsp;turnos noviembre/diciembre y febrero/marzo.</strong></p>



<p>(En caso de no aprobar en dichos turnos, se deberá recursar el Taller)</p>



<p></p>

<p>La inscripción a exámenes se realiza a través del enlace disponible en el aula “DEPARTAMENTO ALUMNADO” en la que se encuentran todas/os las/os estudiantes matriculadas/os. En caso de no contar con ese acceso, se debe enviar un correo a departamento.alumnado@gmail.com o a giselagreto@hotmail.com El formulario de inscripción puede completarse&nbsp;SOLO UNA VEZ, por lo que es &#8230; <a title="" class="read-more" href="https://isef27-sfe.infd.edu.ar/sitio/mesas-de-examen-pendientes/" aria-label="More on ">[+]</a></p>
