{"id":1655,"date":"2020-02-19T14:08:05","date_gmt":"2020-02-19T17:08:05","guid":{"rendered":"https:\/\/isef27-sfe.infd.edu.ar\/sitio\/?page_id=1655"},"modified":"2025-10-22T22:03:29","modified_gmt":"2025-10-23T01:03:29","slug":"protocolo-i-s-e-f-n-27","status":"publish","type":"page","link":"https:\/\/isef27-sfe.infd.edu.ar\/sitio\/protocolo-i-s-e-f-n-27\/","title":{"rendered":"PROTOCOLO DE ACCI\u00d3N I.S.E.F. N.\u00ba 27"},"content":{"rendered":"<p style=\"text-align: center; font-size: 32px;\">\n<p style=\"text-align: center;\"><strong>Para situaciones de violencia de g\u00e9nero<\/strong><\/p>\n<p><strong>SI SUFR\u00cdS VIOLENCIA DE G\u00c9NERO<\/strong>, pod\u00e9s llamar a los siguientes tel\u00e9fonos:<\/p>\n<ul>\n<li><strong>457-1525 \/ 457-1666<\/strong>: \u00c1rea de la Mujer y Diversidad Sexual de la Municipalidad de Santa Fe (25 de Mayo 2884). Asesor\u00eda jur\u00eddica y psicol\u00f3gica para mujeres mayores de 18 a\u00f1os. En caso de ser menores de edad, lo asume ECINA que trabaja en la misma direcci\u00f3n de 8 a 18 horas.<\/li>\n<li><strong>461-9923<\/strong>: Oficina de Atenci\u00f3n a la V\u00edctima de Abuso y Trata (Lisandro de la Torre 2665).<\/li>\n<li>L\u00ednea gratuita <strong>144<\/strong>.<\/li>\n<\/ul>\n<p><strong>SI VOS, TU FAMILIA O ALGUIEN CONOCIDO EST\u00c1 EN RIESGO,<\/strong> llam\u00e1 al <strong>911<\/strong>.<\/p>\n<p><strong>SI EST\u00c1S EN EL I.S.E.F.:<\/strong><\/p>\n<ul>\n<li>Contalo a una\/o amiga\/o.<\/li>\n<li>Recurr\u00ed a una\/o docente de confianza.<\/li>\n<li>Dej\u00e1 constancia de datos que puedan ayudar en decisiones futuras.<\/li>\n<\/ul>\n<p><strong>SI ALGUIEN DEL I.S.E.F. TE DICE QUE SUFRE VIOLENCIA DE G\u00c9NERO:<\/strong><\/p>\n<p><strong>Si sos docente, antes que nada, cre\u00e9 en el relato.<\/strong><\/p>\n<ul>\n<li>Asum\u00ed un rol de protecci\u00f3n.<\/li>\n<li>Brind\u00e1 seguridad y acompa\u00f1amiento.<\/li>\n<li>Dej\u00e1 constancia de datos que puedan ayudar en decisiones futuras.<\/li>\n<li>Inform\u00e1 a alguna autoridad institucional.<\/li>\n<li>Ped\u00ed ayuda a los n\u00fameros telef\u00f3nicos mencionados.<\/li>\n<\/ul>\n<p><strong>Si sos amiga\/o, antes que nada, cre\u00e9 en el relato.<\/strong><\/p>\n<ul>\n<li>Asum\u00ed un rol de protecci\u00f3n.<\/li>\n<li>Brind\u00e1 seguridad y acompa\u00f1amiento.<\/li>\n<li>Dej\u00e1 constancia de datos que puedan ayudar en decisiones futuras.<\/li>\n<li>Recurr\u00ed a una\/o docente de confianza.<\/li>\n<li>Ped\u00ed ayuda a los n\u00fameros telef\u00f3nicos mencionados.<\/li>\n<\/ul>\n","protected":false},"excerpt":{"rendered":"<p>Para situaciones de violencia de g\u00e9nero SI SUFR\u00cdS VIOLENCIA DE G\u00c9NERO, pod\u00e9s llamar a los siguientes tel\u00e9fonos: 457-1525 \/ 457-1666: \u00c1rea de la Mujer y Diversidad Sexual de la Municipalidad de Santa Fe (25 de Mayo 2884). Asesor\u00eda jur\u00eddica y psicol\u00f3gica para mujeres mayores de 18 a\u00f1os. En caso de ser menores de edad, lo &#8230; <a title=\"PROTOCOLO DE ACCI\u00d3N I.S.E.F. N.\u00ba 27\" class=\"read-more\" href=\"https:\/\/isef27-sfe.infd.edu.ar\/sitio\/protocolo-i-s-e-f-n-27\/\" aria-label=\"More on PROTOCOLO DE ACCI\u00d3N I.S.E.F. N.\u00ba 27\">[+]<\/a><\/p>\n","protected":false},"author":165,"featured_media":0,"parent":0,"menu_order":0,"comment_status":"closed","ping_status":"closed","template":"","meta":[],"acf":[],"_links":{"self":[{"href":"https:\/\/isef27-sfe.infd.edu.ar\/sitio\/wp-json\/wp\/v2\/pages\/1655"}],"collection":[{"href":"https:\/\/isef27-sfe.infd.edu.ar\/sitio\/wp-json\/wp\/v2\/pages"}],"about":[{"href":"https:\/\/isef27-sfe.infd.edu.ar\/sitio\/wp-json\/wp\/v2\/types\/page"}],"author":[{"embeddable":true,"href":"https:\/\/isef27-sfe.infd.edu.ar\/sitio\/wp-json\/wp\/v2\/users\/165"}],"replies":[{"embeddable":true,"href":"https:\/\/isef27-sfe.infd.edu.ar\/sitio\/wp-json\/wp\/v2\/comments?post=1655"}],"version-history":[{"count":7,"href":"https:\/\/isef27-sfe.infd.edu.ar\/sitio\/wp-json\/wp\/v2\/pages\/1655\/revisions"}],"predecessor-version":[{"id":5017,"href":"https:\/\/isef27-sfe.infd.edu.ar\/sitio\/wp-json\/wp\/v2\/pages\/1655\/revisions\/5017"}],"wp:attachment":[{"href":"https:\/\/isef27-sfe.infd.edu.ar\/sitio\/wp-json\/wp\/v2\/media?parent=1655"}],"curies":[{"name":"wp","href":"https:\/\/api.w.org\/{rel}","templated":true}]}}

PROTOCOLO DE ACCIÓN I.S.E.F. N.º 27

<p style="text-align: center; font-size: 32px;">
<p style="text-align: center;"><strong>Para situaciones de violencia de género</strong></p>
<p><strong>SI SUFRÍS VIOLENCIA DE GÉNERO</strong>, podés llamar a los siguientes teléfonos:</p>
<ul>
<li><strong>457-1525 / 457-1666</strong>: Área de la Mujer y Diversidad Sexual de la Municipalidad de Santa Fe (25 de Mayo 2884). Asesoría jurídica y psicológica para mujeres mayores de 18 años. En caso de ser menores de edad, lo asume ECINA que trabaja en la misma dirección de 8 a 18 horas.</li>
<li><strong>461-9923</strong>: Oficina de Atención a la Víctima de Abuso y Trata (Lisandro de la Torre 2665).</li>
<li>Línea gratuita <strong>144</strong>.</li>
</ul>
<p><strong>SI VOS, TU FAMILIA O ALGUIEN CONOCIDO ESTÁ EN RIESGO,</strong> llamá al <strong>911</strong>.</p>
<p><strong>SI ESTÁS EN EL I.S.E.F.:</strong></p>
<ul>
<li>Contalo a una/o amiga/o.</li>
<li>Recurrí a una/o docente de confianza.</li>
<li>Dejá constancia de datos que puedan ayudar en decisiones futuras.</li>
</ul>
<p><strong>SI ALGUIEN DEL I.S.E.F. TE DICE QUE SUFRE VIOLENCIA DE GÉNERO:</strong></p>
<p><strong>Si sos docente, antes que nada, creé en el relato.</strong></p>
<ul>
<li>Asumí un rol de protección.</li>
<li>Brindá seguridad y acompañamiento.</li>
<li>Dejá constancia de datos que puedan ayudar en decisiones futuras.</li>
<li>Informá a alguna autoridad institucional.</li>
<li>Pedí ayuda a los números telefónicos mencionados.</li>
</ul>
<p><strong>Si sos amiga/o, antes que nada, creé en el relato.</strong></p>
<ul>
<li>Asumí un rol de protección.</li>
<li>Brindá seguridad y acompañamiento.</li>
<li>Dejá constancia de datos que puedan ayudar en decisiones futuras.</li>
<li>Recurrí a una/o docente de confianza.</li>
<li>Pedí ayuda a los números telefónicos mencionados.</li>
</ul>

<p>Para situaciones de violencia de género SI SUFRÍS VIOLENCIA DE GÉNERO, podés llamar a los siguientes teléfonos: 457-1525 / 457-1666: Área de la Mujer y Diversidad Sexual de la Municipalidad de Santa Fe (25 de Mayo 2884). Asesoría jurídica y psicológica para mujeres mayores de 18 años. En caso de ser menores de edad, lo &#8230; <a title="PROTOCOLO DE ACCIÓN I.S.E.F. N.º 27" class="read-more" href="https://isef27-sfe.infd.edu.ar/sitio/protocolo-i-s-e-f-n-27/" aria-label="More on PROTOCOLO DE ACCIÓN I.S.E.F. N.º 27">[+]</a></p>
