{"id":1144,"date":"2018-08-31T14:43:31","date_gmt":"2018-08-31T17:43:31","guid":{"rendered":"https:\/\/isef27-sfe.infd.edu.ar\/sitio\/actualizacion-profesional-y-desarrollo-curricular\/"},"modified":"2025-10-22T21:42:12","modified_gmt":"2025-10-23T00:42:12","slug":"actualizacion-profesional-y-desarrollo-curricular","status":"publish","type":"page","link":"https:\/\/isef27-sfe.infd.edu.ar\/sitio\/actualizacion-profesional-y-desarrollo-curricular\/","title":{"rendered":"\u00c1rea de Capacitaci\u00f3n"},"content":{"rendered":"\n<figure id=\"LPContainer805243\" class=\"wp-block-table\"><table><tbody><tr><td class=\"has-text-align-center\" data-align=\"center\">El \u00c1rea de Capacitaci\u00f3n del ISEF N 27 tiene entre sus principales funciones llevar adelante propuestas de formaci\u00f3n permanente a docentes de la instituci\u00f3n y otras instituciones asociadas; as\u00ed como tambi\u00e9n, capacitaciones destinadas a estudiantes y la comunidad en general. Se invita a presentar proyectos para su evaluaci\u00f3n seg\u00fan los requisitos institucionales. Por consultas dirigirse a <a href=\"mailto:capacitacion.isef27@gmail.com\">capacitacion.isef27@gmail.com<\/a><\/td><\/tr><\/tbody><\/table><\/figure>\n\n\n\n<p><\/p>\n\n\n\n<h5 class=\"wp-block-heading has-text-align-center\"><a href=\"https:\/\/forms.gle\/tPu8AyW4HXsHPuRw9\">SUSCRIPCI\u00d3N PARA RECIBIR INFORMACI\u00d3N SOBRE CAPACITACIONES.<\/a><\/h5>\n\n\n\n<h6 class=\"wp-block-heading has-text-align-center\"><\/h6>\n\n\n\n<h5 class=\"wp-block-heading has-text-align-center\"><a href=\"https:\/\/forms.gle\/QoFaCta3nmee9QuT9\">ORIENTACIONES PARA PRESENTAR PROYECTOS DE FORMACI\u00d3N PERMANENTE.<\/a> <\/h5>\n\n\n\n<h6 class=\"wp-block-heading has-text-align-center\"><\/h6>\n\n\n\n<h5 class=\"wp-block-heading has-text-align-center\"><a href=\"https:\/\/docs.google.com\/forms\/d\/e\/1FAIpQLSd-rPK2ER4jFq46MUVgM1kWGFiGyn5S-KLbQDHOGxAus2XCJg\/viewform?usp=preview\">PROPUESTAS DE FORMACI\u00d3N 2025<\/a><\/h5>\n\n\n\n<h6 class=\"wp-block-heading has-text-align-center\"><\/h6>\n\n\n\n<h5 class=\"wp-block-heading has-text-align-center\"><a href=\"https:\/\/docs.google.com\/forms\/d\/e\/1FAIpQLSd-rPK2ER4jFq46MUVgM1kWGFiGyn5S-KLbQDHOGxAus2XCJg\/viewform?usp=preview\"><strong><a href=\"https:\/\/docs.google.com\/document\/d\/1Fh3g0uLcaBMZK3tzTy66QXPq7Yp0JxLGGOSAZD0C86I\/edit?usp=sharing\">PROTOCOLO INSTITUCIONAL JORNADAS Y CURSOS<\/a><\/strong><\/a><\/h5>\n\n\n\n<h6 class=\"wp-block-heading has-text-align-center\"><\/h6>\n\n\n\n<p class=\"has-text-align-center\"><strong><a href=\"https:\/\/docs.google.com\/document\/d\/1yc6vRba0L1yX-PTo5J9n_w6OrWwLhePF\/edit?usp=sharing&amp;ouid=108415539737500376270&amp;rtpof=true&amp;sd=true\">CONVOCATORIA PRESENTACI\u00d3N DE PROYECTOS DE FORMACI\u00d3N PERMANENTE<\/a><\/strong><\/p>\n\n\n\n<p class=\"has-text-align-center\"><\/p>\n","protected":false},"excerpt":{"rendered":"<p>El \u00c1rea de Capacitaci\u00f3n del ISEF N 27 tiene entre sus principales funciones llevar adelante propuestas de formaci\u00f3n permanente a docentes de la instituci\u00f3n y otras instituciones asociadas; as\u00ed como tambi\u00e9n, capacitaciones destinadas a estudiantes y la comunidad en general. Se invita a presentar proyectos para su evaluaci\u00f3n seg\u00fan los requisitos institucionales. Por consultas dirigirse &#8230; <a title=\"\u00c1rea de Capacitaci\u00f3n\" class=\"read-more\" href=\"https:\/\/isef27-sfe.infd.edu.ar\/sitio\/actualizacion-profesional-y-desarrollo-curricular\/\" aria-label=\"More on \u00c1rea de Capacitaci\u00f3n\">[+]<\/a><\/p>\n","protected":false},"author":165,"featured_media":0,"parent":0,"menu_order":0,"comment_status":"closed","ping_status":"closed","template":"","meta":[],"acf":[],"_links":{"self":[{"href":"https:\/\/isef27-sfe.infd.edu.ar\/sitio\/wp-json\/wp\/v2\/pages\/1144"}],"collection":[{"href":"https:\/\/isef27-sfe.infd.edu.ar\/sitio\/wp-json\/wp\/v2\/pages"}],"about":[{"href":"https:\/\/isef27-sfe.infd.edu.ar\/sitio\/wp-json\/wp\/v2\/types\/page"}],"author":[{"embeddable":true,"href":"https:\/\/isef27-sfe.infd.edu.ar\/sitio\/wp-json\/wp\/v2\/users\/165"}],"replies":[{"embeddable":true,"href":"https:\/\/isef27-sfe.infd.edu.ar\/sitio\/wp-json\/wp\/v2\/comments?post=1144"}],"version-history":[{"count":33,"href":"https:\/\/isef27-sfe.infd.edu.ar\/sitio\/wp-json\/wp\/v2\/pages\/1144\/revisions"}],"predecessor-version":[{"id":5020,"href":"https:\/\/isef27-sfe.infd.edu.ar\/sitio\/wp-json\/wp\/v2\/pages\/1144\/revisions\/5020"}],"wp:attachment":[{"href":"https:\/\/isef27-sfe.infd.edu.ar\/sitio\/wp-json\/wp\/v2\/media?parent=1144"}],"curies":[{"name":"wp","href":"https:\/\/api.w.org\/{rel}","templated":true}]}}

Área de Capacitación

<figure id="LPContainer805243" class="wp-block-table"><table><tbody><tr><td class="has-text-align-center" data-align="center">El Área de Capacitación del ISEF N 27 tiene entre sus principales funciones llevar adelante propuestas de formación permanente a docentes de la institución y otras instituciones asociadas; así como también, capacitaciones destinadas a estudiantes y la comunidad en general. Se invita a presentar proyectos para su evaluación según los requisitos institucionales. Por consultas dirigirse a <a href="mailto:capacitacion.isef27@gmail.com">capacitacion.isef27@gmail.com</a></td></tr></tbody></table></figure>



<p></p>



<h5 class="wp-block-heading has-text-align-center"><a href="https://forms.gle/tPu8AyW4HXsHPuRw9">SUSCRIPCIÓN PARA RECIBIR INFORMACIÓN SOBRE CAPACITACIONES.</a></h5>



<h6 class="wp-block-heading has-text-align-center"></h6>



<h5 class="wp-block-heading has-text-align-center"><a href="https://forms.gle/QoFaCta3nmee9QuT9">ORIENTACIONES PARA PRESENTAR PROYECTOS DE FORMACIÓN PERMANENTE.</a> </h5>



<h6 class="wp-block-heading has-text-align-center"></h6>



<h5 class="wp-block-heading has-text-align-center"><a href="https://docs.google.com/forms/d/e/1FAIpQLSd-rPK2ER4jFq46MUVgM1kWGFiGyn5S-KLbQDHOGxAus2XCJg/viewform?usp=preview">PROPUESTAS DE FORMACIÓN 2025</a></h5>



<h6 class="wp-block-heading has-text-align-center"></h6>



<h5 class="wp-block-heading has-text-align-center"><a href="https://docs.google.com/forms/d/e/1FAIpQLSd-rPK2ER4jFq46MUVgM1kWGFiGyn5S-KLbQDHOGxAus2XCJg/viewform?usp=preview"><strong><a href="https://docs.google.com/document/d/1Fh3g0uLcaBMZK3tzTy66QXPq7Yp0JxLGGOSAZD0C86I/edit?usp=sharing">PROTOCOLO INSTITUCIONAL JORNADAS Y CURSOS</a></strong></a></h5>



<h6 class="wp-block-heading has-text-align-center"></h6>



<p class="has-text-align-center"><strong><a href="https://docs.google.com/document/d/1yc6vRba0L1yX-PTo5J9n_w6OrWwLhePF/edit?usp=sharing&amp;ouid=108415539737500376270&amp;rtpof=true&amp;sd=true">CONVOCATORIA PRESENTACIÓN DE PROYECTOS DE FORMACIÓN PERMANENTE</a></strong></p>



<p class="has-text-align-center"></p>

<p>El Área de Capacitación del ISEF N 27 tiene entre sus principales funciones llevar adelante propuestas de formación permanente a docentes de la institución y otras instituciones asociadas; así como también, capacitaciones destinadas a estudiantes y la comunidad en general. Se invita a presentar proyectos para su evaluación según los requisitos institucionales. Por consultas dirigirse &#8230; <a title="Área de Capacitación" class="read-more" href="https://isef27-sfe.infd.edu.ar/sitio/actualizacion-profesional-y-desarrollo-curricular/" aria-label="More on Área de Capacitación">[+]</a></p>
