{"id":1076,"date":"2018-08-31T14:43:00","date_gmt":"2018-08-31T17:43:00","guid":{"rendered":"https:\/\/isef27-sfe.infd.edu.ar\/sitio\/el-instituto\/"},"modified":"2021-06-15T10:28:17","modified_gmt":"2021-06-15T13:28:17","slug":"el-instituto","status":"publish","type":"page","link":"https:\/\/isef27-sfe.infd.edu.ar\/sitio\/el-instituto\/","title":{"rendered":"El Instituto"},"content":{"rendered":"<p><img decoding=\"async\" loading=\"lazy\" class=\"aligncenter\" style=\"border: 10px solid black;\" src=\"http:\/\/4.bp.blogspot.com\/-yHLsiUhWusg\/UrGyedQ1chI\/AAAAAAAACZg\/jJOiPAE5TKI\/s1600\/SAM_0364.JPG\" width=\"600\" height=\"400\" border=\"0\" \/><\/p>\n<p><em>El 3 de junio de 1960 se funda en la Ciudad de Santa Fe el INEF (Instituto Nacional de Educaci\u00f3n F\u00edsica), hoy ISEF \u201cC\u00e9sar S. V\u00e1squez\u201d. Una instituci\u00f3n p\u00fablica creada para hacer posible el acceso a la educaci\u00f3n superior a j\u00f3venes que so\u00f1aban con formarse para educar a trav\u00e9s del movimiento.\u00a0<\/em><\/p>\n<p><em>Nuestro instituto en ese entonces ten\u00eda una sede en el centro de la ciudad donde funcionaba tambi\u00e9n el internado, un lugar en el cual pod\u00edan residir las y los j\u00f3venes provenientes de otras localidades.<\/em><\/p>\n<p><em>En la d\u00e9cada del ochenta, se inici\u00f3 la construcci\u00f3n del actual edificio sobre terrenos ganados al r\u00edo y e<\/em><em>n 1986 se traslad\u00f3 a su casa propia en el sur de la ciudad, sobre la calle Ra\u00fal Tacca, nombrada as\u00ed en homenaje a uno de los primeros docentes de la instituci\u00f3n.<\/em><\/p>\n<p><em>Por sus aulas han transitado y transitan, miles de j\u00f3venes que se suman a la historia y al presente mismo del Instituto. Hoy, en tiempos de pandemia, se han incorporado nuevas formas de comunicarnos, de ense\u00f1ar y aprender, sumando a nuestras vidas un nuevo espacio: el virtual. Y aqu\u00ed estamos asumiendo el desaf\u00edo de encontrarnos en la distancia y seguir construyendo presente y futuro.\u00a0<\/em><\/p>\n<p><em>Compartimos a continuaci\u00f3n una parte de esta historia, del camino recorrido por tantas generaciones de profes que habitaron nuestro instituto en todos los lugares en los que funcion\u00f3 hasta el que hoy nos cobija.<\/em><\/p>\n<p><iframe loading=\"lazy\" title=\"Cumplea\u00f1os 61 - ISEF N\u00b0 27 - Santa Fe.\" width=\"1200\" height=\"675\" src=\"https:\/\/www.youtube.com\/embed\/KRE8fC244Ik?start=7&#038;feature=oembed\" frameborder=\"0\" allow=\"accelerometer; autoplay; clipboard-write; encrypted-media; gyroscope; picture-in-picture\" allowfullscreen><\/iframe><\/p>\n","protected":false},"excerpt":{"rendered":"<p>El 3 de junio de 1960 se funda en la Ciudad de Santa Fe el INEF (Instituto Nacional de Educaci\u00f3n F\u00edsica), hoy ISEF \u201cC\u00e9sar S. V\u00e1squez\u201d. Una instituci\u00f3n p\u00fablica creada para hacer posible el acceso a la educaci\u00f3n superior a j\u00f3venes que so\u00f1aban con formarse para educar a trav\u00e9s del movimiento.\u00a0 Nuestro instituto en ese &#8230; <a title=\"El Instituto\" class=\"read-more\" href=\"https:\/\/isef27-sfe.infd.edu.ar\/sitio\/el-instituto\/\" aria-label=\"More on El Instituto\">[+]<\/a><\/p>\n","protected":false},"author":165,"featured_media":0,"parent":0,"menu_order":0,"comment_status":"closed","ping_status":"closed","template":"","meta":[],"acf":[],"_links":{"self":[{"href":"https:\/\/isef27-sfe.infd.edu.ar\/sitio\/wp-json\/wp\/v2\/pages\/1076"}],"collection":[{"href":"https:\/\/isef27-sfe.infd.edu.ar\/sitio\/wp-json\/wp\/v2\/pages"}],"about":[{"href":"https:\/\/isef27-sfe.infd.edu.ar\/sitio\/wp-json\/wp\/v2\/types\/page"}],"author":[{"embeddable":true,"href":"https:\/\/isef27-sfe.infd.edu.ar\/sitio\/wp-json\/wp\/v2\/users\/165"}],"replies":[{"embeddable":true,"href":"https:\/\/isef27-sfe.infd.edu.ar\/sitio\/wp-json\/wp\/v2\/comments?post=1076"}],"version-history":[{"count":2,"href":"https:\/\/isef27-sfe.infd.edu.ar\/sitio\/wp-json\/wp\/v2\/pages\/1076\/revisions"}],"predecessor-version":[{"id":2234,"href":"https:\/\/isef27-sfe.infd.edu.ar\/sitio\/wp-json\/wp\/v2\/pages\/1076\/revisions\/2234"}],"wp:attachment":[{"href":"https:\/\/isef27-sfe.infd.edu.ar\/sitio\/wp-json\/wp\/v2\/media?parent=1076"}],"curies":[{"name":"wp","href":"https:\/\/api.w.org\/{rel}","templated":true}]}}

<p><img decoding="async" loading="lazy" class="aligncenter" style="border: 10px solid black;" src="http://4.bp.blogspot.com/-yHLsiUhWusg/UrGyedQ1chI/AAAAAAAACZg/jJOiPAE5TKI/s1600/SAM_0364.JPG" width="600" height="400" border="0" /></p>
<p><em>El 3 de junio de 1960 se funda en la Ciudad de Santa Fe el INEF (Instituto Nacional de Educación Física), hoy ISEF “César S. Vásquez”. Una institución pública creada para hacer posible el acceso a la educación superior a jóvenes que soñaban con formarse para educar a través del movimiento. </em></p>
<p><em>Nuestro instituto en ese entonces tenía una sede en el centro de la ciudad donde funcionaba también el internado, un lugar en el cual podían residir las y los jóvenes provenientes de otras localidades.</em></p>
<p><em>En la década del ochenta, se inició la construcción del actual edificio sobre terrenos ganados al río y e</em><em>n 1986 se trasladó a su casa propia en el sur de la ciudad, sobre la calle Raúl Tacca, nombrada así en homenaje a uno de los primeros docentes de la institución.</em></p>
<p><em>Por sus aulas han transitado y transitan, miles de jóvenes que se suman a la historia y al presente mismo del Instituto. Hoy, en tiempos de pandemia, se han incorporado nuevas formas de comunicarnos, de enseñar y aprender, sumando a nuestras vidas un nuevo espacio: el virtual. Y aquí estamos asumiendo el desafío de encontrarnos en la distancia y seguir construyendo presente y futuro. </em></p>
<p><em>Compartimos a continuación una parte de esta historia, del camino recorrido por tantas generaciones de profes que habitaron nuestro instituto en todos los lugares en los que funcionó hasta el que hoy nos cobija.</em></p>
<p><iframe loading="lazy" title="Cumpleaños 61 - ISEF N° 27 - Santa Fe." width="1200" height="675" src="https://www.youtube.com/embed/KRE8fC244Ik?start=7&#038;feature=oembed" frameborder="0" allow="accelerometer; autoplay; clipboard-write; encrypted-media; gyroscope; picture-in-picture" allowfullscreen></iframe></p>

<p>El 3 de junio de 1960 se funda en la Ciudad de Santa Fe el INEF (Instituto Nacional de Educación Física), hoy ISEF “César S. Vásquez”. Una institución pública creada para hacer posible el acceso a la educación superior a jóvenes que soñaban con formarse para educar a través del movimiento.  Nuestro instituto en ese &#8230; <a title="El Instituto" class="read-more" href="https://isef27-sfe.infd.edu.ar/sitio/el-instituto/" aria-label="More on El Instituto">[+]</a></p>
